e factors of (72/2)/((24/18)/y)?
2, 3
Suppose -4*x + 4 = -4*k, 5*x - 8*x + 9 = 3*k. Let i(m) = 86*m + 6. What are the prime factors of i(x)?
2, 89
Suppose -2*w + 7 + 7 = 0. Suppose -9*p = -w*p - 168. List the prime factors of p.
2, 3, 7
List the prime factors of (-34)/221 + (-25770)/(-26).
991
Let n be 9*5/(30/4). Let x(s) = s**2 - 3*s + 9. List the prime factors of x(n).
3
Let t be (84/(-8))/((-3)/4). Suppose u = 2 + t. List the prime factors of u.
2
Let r(i) = -12*i + 63. List the prime factors of r(-20).
3, 101
Suppose 156*c + 2739 = 167*c. What are the prime factors of c?
3, 83
Suppose -3*z = 5*n - n - 25, 17 = 3*z + 2*n. Suppose 2*h + 22 = -4*q, z*q - h + 11 = 2. List the prime factors of (11 + 9)*(-6)/q.
2, 3, 5
Let f(y) = 0*y**2 - 3*y**2 + y - 3*y**2 + 7*y**2 - 11. What are the prime factors of f(-6)?
19
Let p(w) = 2*w**3 + 1. Let o be p(4). Let z = o - 29. Suppose -f - z = -6*f. What are the prime factors of f?
2, 5
Let z(k) = k**3 + 15*k**2 + 7*k - 11. Let c be z(-12). Suppose 6*o - c - 47 = 0. List the prime factors of o.
2
What are the prime factors of 1976/10 + (-4)/(-10)?
2, 3, 11
Let x = 26 + -12. Suppose 3*j = 2*o + 4 - 1, -4*j = 5*o - 50. Let s = x + o. What are the prime factors of s?
2, 5
Suppose -167*y = -165*y - 1120. List the prime factors of y.
2, 5, 7
Let a = -72 - -74. Suppose a*u - 401 = 3*v - 0*v, 3*v + 193 = u. List the prime factors of u.
2, 13
Let t = -179 + 1079. What are the prime factors of t?
2, 3, 5
Let m = -13 + 14. What are the prime factors of (m/(-2))/(6/(-1080))?
2, 3, 5
Let n(q) = -4*q - 22. Let a be n(-8). Let f(b) = 8*b + 20. List the prime factors of f(a).
2, 5
Let h be (-2)/(-3) + (-146)/(-6). Let j be 1/(5 - 6) + 21. Let s = h - j. What are the prime factors of s?
5
Suppose 4*w + 4 - 24 = 0. Suppose -t = -w*r + 226, 0 = -r + 3*r - 5*t - 72. List the prime factors of r.
2, 23
Suppose -3*j = -j - 18. Suppose j*b + 51 = 10*b. List the prime factors of b.
3, 17
Suppose -4*m + 48 = 4*t, -4*t + 0 - 12 = -2*m. Suppose -m*h + 4*h = -1062. What are the prime factors of h?
3, 59
Let v(z) = -z**3 - 4*z**2 + 6*z + 9. Let p be v(-6). Suppose -4*s = t + 5, -6*s - 22 = 2*t - s. Let l = p + t. List the prime factors of l.
2, 3
Let n(a) = -5*a**2 - 4*a + 4. Let u be n(-3). Let h = -25 - u. Suppose 51 = h*m + 15. What are the prime factors of m?
3
Let u(b) = -b**3 + 2*b**2 - 3*b + 2. Let t be u(2). Let z = -2 - t. Suppose -4*k + 64 = -z*k. List the prime factors of k.
2
Let k be ((-2)/(-4))/(1/(-6)). Let t(o) be the first derivative of 2*o**3/3 - 2*o - 45. List the prime factors of t(k).
2
Suppose -13 - 14 = -3*u. Suppose 0 = -6*v + 7*v - u. Suppose -5*y = -139 + v. What are the prime factors of y?
2, 13
Let b(t) = 87*t**2 - 17*t + 2. What are the prime factors of b(2)?
2, 79
Let f = 856 - -53. List the prime factors of f.
3, 101
Suppose -j + m + 651 = -4*m, -m = -4*j + 2642. List the prime factors of j.
661
Let o = 1203 - -3383. List the prime factors of o.
2, 2293
Let k be 192*((-2)/(-3) - -2). Suppose 4*z - 8*z = -k. List the prime factors of z.
2
Suppose -10 = -j - 2*j - i, 4*j - 10 = 2*i. Suppose -3 = -3*r - j*l - 0*l, 4*l = -4. List the prime factors of 6/(r - -1) - -36.
2, 19
Let z be 4/12*(-13)/((-52)/(-24)). What are the prime factors of z*(908/(-8) - 3)?
233
Suppose 4414 = -25*s + 53589. List the prime factors of s.
7, 281
Let p(m) = m**3 - m**2 + m + 25. Let s be (0 + -3)/(9/(-12)). Suppose -5*u - 4*g + 2*g = -2, 4*u + s*g - 4 = 0. List the prime factors of p(u).
5
Let d = 6056 - 3740. What are the prime factors of d?
2, 3, 193
Suppose 475*r = 472*r + 6663. List the prime factors of r.
2221
Let w be 1320/14 + 6/(-21). Suppose -w + 263 = 5*u + 3*j, 3*u = 4*j + 84. Let g = u - 26. List the prime factors of g.
2, 3
Suppose 2 = -q + 2*x + 11, -q = 4*x + 3. Suppose -q = -t - 6. Let v = t + 14. List the prime factors of v.
13
Let v = 37 - 33. List the prime factors of 31/3*(7 - v).
31
Let a = 21 + 5. Let h = 31 - a. Suppose -10*n + h*n + 180 = 0. List the prime factors of n.
2, 3
Let j = 2885 - 1618. List the prime factors of j.
7, 181
Suppose 0 = a - 1292 - 558. Suppose 5*q + 500 = a. What are the prime factors of 3/(-4) - q/(-8)?
3, 11
Suppose -49 = -f - 259. Let w be (-4)/10 + f/(-25). Let d(t) = t**3 - 7*t**2 - 6*t + 1. List the prime factors of d(w).
17
Let m = -42 + 88. Suppose 5*g = 9 + m. What are the prime factors of g?
11
Let p(l) = 14*l + 3. Let k(z) = -z. Let v(s) = -5*k(s) + p(s). What are the prime factors of v(3)?
2, 3, 5
Suppose 384 = 5*d - 2*u, d = -4*d - 5*u + 405. What are the prime factors of d?
2, 3, 13
Let a be (5/(-4))/((7/12)/(-7)). What are the prime factors of 303/a - ((-6)/(-5))/6?
2, 5
Suppose -37*n = 66016 - 212129. List the prime factors of n.
11, 359
Let i(u) = 82*u**2 + 19*u + 17. What are the prime factors of i(-5)?
2, 17, 29
Suppose y - 237 - 27 = 0. What are the prime factors of y?
2, 3, 11
Let p be (-4444)/(-12) + (-3)/9. Suppose s - 3*c = 186, 10*s + 5*c + p = 12*s. List the prime factors of s.
2, 3, 5
What are the prime factors of 373 - (1 + -7 + 4)?
3, 5
Suppose -3*t + 4*q + 695 = 0, -5*t - 2*q = 3*q - 1205. What are the prime factors of (3/(-18)*2)/((-1)/t)?
79
Let t(v) = -4*v - 1. Suppose 0 = -h - 10 + 12. Let d be 2 + -3 + h + -4. What are the prime factors of t(d)?
11
Let a be 4/(-1 + 2) + -4. Suppose -d + 4*h + 0*h + 87 = a, 2*h = -5*d + 347. What are the prime factors of d?
71
Suppose 6*f + 3 = -2*r + 3*f, -3*r = -3*f - 3. Suppose a + r = 7. Let n = 0 + a. What are the prime factors of n?
7
Suppose 4*k - k - 2*k = 0. Suppose k = -20*h + 8*h + 1488. List the prime factors of h.
2, 31
Suppose -7658 = -2*x - 828. List the prime factors of x.
5, 683
Suppose -8*g = -6 - 26. Suppose -g*t + 3*t + 25 = 5*d, t + 4*d - 22 = 0. Let i = t - -5. List the prime factors of i.
3, 5
Let j be (5 + -6)*2/(-1). Suppose 2*x + 5*i - 28 = 39, j*i + 10 = 0. Suppose 0 = -5*n + x + 79. List the prime factors of n.
5
Let s(g) = g**3 - g**2 - 2*g + 32. Let t be s(0). Let m = 7 + t. What are the prime factors of m?
3, 13
Suppose -4*v - 1632 = -12*v. Suppose -v = -4*k + 252. What are the prime factors of k?
2, 3, 19
Let n = 26 - 24. Suppose -x - 250 = -l, x + 283 - 768 = -n*l. List the prime factors of l.
5, 7
Let f(m) = -m**2 - 10*m + 4. Suppose -a - 13 = -3. Let t be f(a). Suppose -3*p = n - 134, -64 - 32 = -2*p - t*n. What are the prime factors of p?
2, 11
Suppose 2*l - 18 = -3*x, 2*l - l = 5*x - 30. Suppose 3*i + u = 4*u + x, -2*i + 10 = 4*u. What are the prime factors of (i - 2)/((-6)/(-186))?
31
Let r(m) = 394*m**3 + 4*m**2 + 2*m. List the prime factors of r(2).
2, 13, 61
Let o be -3 - ((-22455)/72 + 2/(-16)). Suppose -4*a + 207 = -o. What are the prime factors of a?
3, 43
Suppose -41 - 28 = 3*s. Let c = s + 27. List the prime factors of c.
2
List the prime factors of -11 + -1*(-1 + -453).
443
Let r = 37 + -39. List the prime factors of 3644/36 + r/9.
101
Suppose 288 = 6*a - 3*a. Suppose 12 = 3*y + m, -3*m + 8*m = 0. Suppose -y*n - 4*p + 155 = -13, 3*n - 3*p = a. What are the prime factors of n?
37
Let h(m) = -m**3 - 2*m**2 - 2*m + 2931. List the prime factors of h(0).
3, 977
Suppose -5*b + 989 = -1171. List the prime factors of b.
2, 3
Let o(w) = 4*w**3 - 11*w**2 + 5*w - 12. List the prime factors of o(5).
2, 7, 17
Let x(k) = -5 + 23 + 3 - k**2 + 10*k. What are the prime factors of x(11)?
2, 5
Suppose 8*g - 3 = 7*g. Let b be 30/(-3) + (g - 1). List the prime factors of (20/b)/(1/(-2)).
5
Suppose 3*y + 5*u = 8*y - 375, 3*u - 130 = -2*y. List the prime factors of y.
71
Let r be 111/12*(-73 + 1). What are the prime factors of (r/24)/((-2)/(32/3))?
2, 37
Let u(s) = 0*s + 9 - 26 + 4*s. Let q = -19 - -31. What are the prime factors of u(q)?
31
Let d(i) = 4*i**2 + i + 22. Let l(q) = -4*q - 22. Let p be l(-7). What are the prime factors of d(p)?
2, 43
Let y(d) = -3*d - 15. Let i be y(3). List the prime factors of 52*((-15)/(-6) + (-6)/i).
11, 13
Let k = -1557 + 2668. List the prime factors of k.
11, 101
Suppose -3*d + m + 102 = -117, -5*m = -d + 59. Let r = -47 + d. List the prime factors of r.
3
Let o(j) = 0*j - 77 - 3*j + 75. Let r be o(2). List the prime factors of 7/28 + (-86)/r.
11
Let w = 25 + -4. Suppose q = 4*q - w. List the prime factors of (18/4)/(q/14).
3
Suppose -3*n = v + 347, 189